e tens digit of t?
5
Suppose i + 10 = 3*j, 0 = i - 3*i + j - 10. Let s be 187 + -6*2/i. Suppose -5*r + s = 35. What is the units digit of r?
1
Suppose -3*q + 99 = -3*h, 132 = 5*q + 4*h + 12. Suppose 20 + q = 4*f. Let z = -3 + f. What is the units digit of z?
9
Let t(s) = 6*s**2 - 5*s - 8. Suppose 4*x - 12 = 0, -4*z - 2*x = z + 4. What is the units digit of t(z)?
6
Suppose -5*t + 110 = -4*m, t - 3 = -0*t - 3*m. Suppose l - 1 - t = 0. Suppose l = 4*u + 3*w, 3*w + 44 = 5*u - 0*w. What is the units digit of u?
7
Suppose -5904 = -28*d + 53400. What is the thousands digit of d?
2
Suppose -4*i - 3*c = -4944, 0 = -5*i + 7*i + 4*c - 2472. What is the tens digit of i?
3
Let w = 16 - 8. Let p(s) = s**3 - 7*s**2 - 4*s + 11. What is the tens digit of p(w)?
4
Let j(x) = 9*x + 1. Let g be j(1). What is the units digit of (-8)/(-6)*(2 - g/(-4))?
6
Suppose -3*f + 4 = 1. Let c = f - 7. Let x = c - -19. What is the tens digit of x?
1
Let c(d) = -3*d - 12. Let h be c(-4). Suppose -2*f + 171 + 195 = h. What is the tens digit of f?
8
Let v(t) = t + 3. Let w be v(-6). Let y(s) = s**2 + 3*s + 3. Let d be y(w). What is the units digit of 1/d - (-310)/15?
1
Let x be ((-368)/12)/(2/(-3)) - -2. Suppose -5*n - l + 127 = 0, -15 - x = -3*n - 5*l. What is the units digit of n?
6
Let c = 211 + -493. Let u = 422 + c. What is the units digit of u?
0
Let a be ((-2)/(-3))/((-10)/(-15)). What is the tens digit of (-2*a)/(23/(-2990))?
6
Let y(a) = a**3 - 13*a**2 - a + 10. Let d be y(13). What is the units digit of (d/6)/(6/(-1080))?
0
Let u = 3300 + -1817. What is the thousands digit of u?
1
Suppose 0 = 5*m - 32353 + 7543. What is the thousands digit of m?
4
Let r(u) = u**3 - 15*u**2 + 3*u - 1. Let x be r(15). Suppose -76 = -2*w + x. What is the tens digit of w?
6
Let h(v) be the first derivative of 6*v**4 - v - 14. Let k be h(1). Let n = k + -6. What is the tens digit of n?
1
Let o(m) = m**2 - 15*m - 3. Let i = -55 + 49. What is the units digit of o(i)?
3
Let m = -309 + 126. Let h = 430 + m. What is the units digit of h?
7
Suppose -3*o + 24 = 4*b + o, -4*o - 6 = -2*b. Suppose -b*y + 4*y + 4 = 0. Suppose 69 = 3*p - r, -4*p + 2*r + y = -86. What is the tens digit of p?
2
Suppose a + 0*o - o + 21 = 0, 2*o = -5*a - 70. Let n be a/(-24)*-12*4. Let m = 53 + n. What is the units digit of m?
1
Let u be (-28)/(-2*(-3)/(-9)). Let c = -15 + u. What is the tens digit of c?
2
Let g(v) = v + 11. Let d be g(-8). Suppose -i - d*i - 3*h = -33, 0 = -2*h + 6. What is the tens digit of 140/i + 2/(-6)?
2
Suppose -5 = 5*v - 3*x - 29, v + 6 = -3*x. Let d(s) = s**3 + s**2 + 2*s - 9. What is the tens digit of d(v)?
3
Let a(b) = b**2 - 7*b - 18. Let l be a(9). Suppose -22*k + 26*k - 268 = l. What is the units digit of k?
7
Let x(f) = f + 3. Let w be x(-2). Suppose -4*i + 7 = -w. Suppose -2*q + 190 = 5*c + i*q, 0 = 2*c + q - 73. What is the tens digit of c?
3
Let n be -2 + (-1 + 0)/(2/(-12)). Suppose 0 = n*b - 99 - 157. What is the units digit of b?
4
Suppose -15 - 1 = -4*k. Suppose 3*l - 5*q = l + 6, 0 = -k*q. Suppose 4*m - 116 = c, l*c + 133 = 4*m + 25. What is the units digit of m?
0
Suppose -2*c + 3 = -5*c. Let z be c - -2*(-26)/(-4). What is the units digit of (-1)/(3/z)*-2?
8
Let f = 248 - -803. What is the units digit of f?
1
Suppose -4*z = 0, h - 3 = -z - 4*z. Suppose -5*s + 19 = 2*y, 3*s = -3*y - h + 36. What is the tens digit of y?
1
Let h be (-27 - -6) + (-3 - -3). Let f = h - -24. Suppose -f*v = -5*v + 36. What is the units digit of v?
8
Let i be -4 + 3/(6/118). What is the tens digit of (i - -8)*1/3?
2
Let y = 3726 + -1816. What is the hundreds digit of y?
9
Suppose -135 = -8*o + 3*o. Suppose 5*u = -5*p - 60, -o - 1 = 2*u + 3*p. Let b = u - -15. What is the units digit of b?
7
Let t = -6 - -9. What is the units digit of ((-2)/t)/((-5)/(-60)*-2)?
4
Let y be (-1 - 1)/((-2)/(-9)). Let f be (-246)/y + 1/(-3). Let u = 35 - f. What is the units digit of u?
8
Suppose 59*j = 15897 + 59859. What is the tens digit of j?
8
Suppose 5 - 19 = -2*d. What is the hundreds digit of 101 + d*(4 + 78/(-21))?
1
Let k(o) = o**3 + 14*o**2 - 15*o - 9. Let l be k(-15). Let g be (-137 - 1)*3/l. Let u = g - 30. What is the tens digit of u?
1
Let u(k) = 2655*k**3 + 3*k**2 + 2*k - 1. What is the units digit of u(1)?
9
Suppose 3*d = h + 5*d, 9 = 3*d. Let v be (-5)/h + 1/6. Suppose 3*o - 113 = v. What is the units digit of o?
8
Suppose 223 + 1606 = h + c, 1829 = h - 5*c. What is the hundreds digit of h?
8
Let a(t) = 3*t**3 + 3*t**2 - 8*t + 2. What is the units digit of a(3)?
6
Let n = -483 - -1144. What is the tens digit of n?
6
Suppose 7*i = n + 6*i - 2268, 0 = n + 5*i - 2256. What is the units digit of n?
6
Suppose -33*a = -28*a - 20. Suppose 0*h - a*h + 556 = 0. What is the hundreds digit of h?
1
Suppose -6*r = -2*r + 2*i + 46, -2*i + 35 = -5*r. Let s(u) = -1 - 1 + 2 - u. What is the units digit of s(r)?
9
Let j be 13 + 3 + (-7)/1. Let f be 10 - j - 3*-1. What is the units digit of (-5)/(5/f) + 7?
3
Suppose 0 - 12 = -6*x. Suppose -a + 3*t = 2*a - 39, 0 = -t - x. What is the tens digit of a?
1
Let a = -26 - -29. Suppose -2*p - 51 - 31 = -o, -2*o - a*p + 199 = 0. What is the tens digit of o?
9
Let m(b) = -b - 8. Let s be m(-8). Let x(l) = -l**2 - l + 4. Let r be x(s). Suppose -6*a + 104 = -2*a + r*w, -4*w - 64 = -4*a. What is the tens digit of a?
2
Let p = -305 + 1718. What is the hundreds digit of p?
4
Suppose -37*l - 8037 + 42854 = 0. What is the units digit of l?
1
Let k(g) = g**3 + 5*g**2 + g - 1. Let x be k(-5). What is the units digit of 2/(x/(-285)) + 1?
6
Let x(w) = 9*w**2 + 6*w - 5. Let a be x(3). Suppose 0 = -5*b - a - 391. What is the tens digit of b/(-4) - (-2)/(-8)?
2
Let x(s) = -4*s - s**2 + 9*s - 3 - 7*s + 3*s**2. What is the units digit of x(-6)?
1
Suppose a - 3*a = o - 1, 5*o + 25 = 0. Let w(l) = -3 - 3*l - a*l + 0 - 7*l**3 + 3*l. What is the tens digit of w(-2)?
5
Let g(b) = 5*b**2 - 12*b - 114. What is the thousands digit of g(24)?
2
Let v = 112 + -13. Let c = 67 - v. Let u = 68 + c. What is the tens digit of u?
3
Suppose 178 = -12*k + 742. Suppose 3*b + 5*l = 16, 0 = 4*b - 5*l + 14 - k. What is the units digit of b?
7
Let t(u) = u**3 + 4*u**2 + u - 1. Let v be t(-3). Suppose 0 = v*d - 12*d + 126. What is the units digit of d?
8
Let b = 15 + -11. Suppose b*n - n = 0. Suppose -z = -n*z - 10. What is the units digit of z?
0
Let k(f) = 30*f + 997. What is the hundreds digit of k(0)?
9
Suppose 3*q + 1 + 35 = 0. Let x = q + 99. What is the tens digit of x?
8
Let g = 1 + -1. Suppose -4*n = 5*u - 29, 0 = 3*n - 5*n + 4*u - 18. Suppose g = -k + 6 + n. What is the units digit of k?
7
Let d be 96/(-60)*10/(-4). Let z = 24 + -14. Let c = z - d. What is the units digit of c?
6
Suppose -22*q = 4*q - 9438. What is the units digit of q?
3
Suppose 0*s = -4*s + 20. Suppose 0*r - 3*r - 11 = 4*a, -4*a - 35 = -s*r. Let k(p) = 2*p**2 + p. What is the tens digit of k(r)?
2
Let q be (0 - -3)*(4 + -3). Let p be (-2)/q + (-30)/9. What is the units digit of 24 - (-2)/4*p?
2
Let c(n) = n**3 - 5*n**2 + 3*n + 1. Let h be c(4). Let y be (1008/h)/4 - -2. Let i = -46 - y. What is the units digit of i?
6
Let z be 8/20 - (12/15)/2. Suppose -3*p = -3*o + 96, z*o = 4*o + 5*p - 92. What is the units digit of o?
8
Suppose 8*t = 10*t. Suppose -2*j = -5*h - 127, t*j + 65 = j - 3*h. What is the tens digit of j?
5
Let l(q) = -q - 2. Let s(v) = -v - 3. Let g(y) = 5*l(y) - 4*s(y). Let i be g(-2). Suppose 2*x + 0*x - 49 = -m, -x = -i*m - 38. What is the tens digit of x?
2
Let b be 4 - -119 - (-2 - 0). Let c = -33 + b. Suppose 5*d = d + c. What is the units digit of d?
3
Let h be 6/(-8) + 8170/(-40). Let t = 327 + h. What is the tens digit of t?
2
Suppose -9*c - 260 = 4*c. What is the tens digit of 341 + c - 4/2?
1
Suppose 3*j - 35 = 13. Let f = 60 - j. Let r = -19 + f. What is the units digit of r?
5
Let m(o) = 18*o + 5. Let c(w) = w + 1. Let v(l) = 6*c(l) - m(l). Let d be v(-3). Suppose -y + 2*y = d. What is the tens digit of y?
3
Suppose 7*x = 9*x - 1590. What is the units digit of x?
5
Let s(l) = -150*l**3 + 3*l**2 - 7*l - 11. What is the tens digit of s(-2)?
1
Let b = -25 - -33. Let r(s) = 7*s - 8. What is the tens digit of r(b)?
4
Let y(j) = 2*j + 1. Let c be y(-6). Let d = c - -9. Let g = d - -37. What is the tens digit of g?
3
Let h = 7193